igit of l?
4
Let x be (-96)/72*(-5274)/(-4). Let s = x - -2580. What is the units digit of s?
2
Suppose 773*k - 783*k - 390 = 0. What is the hundreds digit of k/(-91) + (-8688)/(-14)?
6
Suppose 5*l + 2 = 2. Suppose -4*y + 39 - 3 = l. Suppose -g = -2*s, g + s - 3 = y. What is the units digit of g?
8
Suppose 11*a - 16*a + v + 58372 = 0, a + 4*v - 11687 = 0. What is the ten thousands digit of a?
1
Let i(f) be the third derivative of 119*f**4/24 + f**3/3 + 2*f**2. Let s(u) = 13*u - 90. Let c be s(7). What is the tens digit of i(c)?
2
Let g = -23682 - -34808. What is the units digit of g?
6
Suppose n + 3*x + 18 = 2*n, 0 = -2*n + x + 11. Let d = -384 - -424. Suppose n*h - h - d = 0. What is the units digit of h?
0
Let r(s) = -76 - 6 + 6 - 44*s + 2*s - 13. What is the tens digit of r(-18)?
6
Suppose 27*c - 76 - 113 = 0. What is the hundreds digit of (-179 - -2)/(-3)*c?
4
Let u(i) = 10*i + 11. Let d be u(-12). Let a = d + -2. Let t = 72 - a. What is the units digit of t?
3
Let h(n) = -99*n**3 - 14*n**2 + 11*n + 6. Let o be h(-7). What is the tens digit of o/35 - 8/14?
4
Suppose -t + 5*s - 3*s = -17768, -4*s + 16 = 0. What is the units digit of t?
6
Suppose 61*k = -68*k + 688344. What is the hundreds digit of k?
3
Suppose 4*x = -4*b + 4, -22 + 6 = -x + 4*b. Suppose -5*a - 1355 = -q, x*q - a - 1224 = 4139. What is the units digit of q?
0
Let n be (29 - -1)/((-57)/(-11780)). Suppose -9*u = -u - n. What is the hundreds digit of u?
7
Let m be 41880/(-28) + (-2)/7. Let w = -178 - m. What is the units digit of 14/(-63) + w/18?
3
Let m(i) = -7482*i - 225. What is the ten thousands digit of m(-2)?
1
Let t = -559 + 568. Let i(n) = -n**3 + 15*n**2 + 33*n + 5. What is the units digit of i(t)?
8
Let a(p) = 84*p - 98. Let l(w) = -21*w + 24. Let f(y) = -5*a(y) - 21*l(y). What is the tens digit of f(9)?
7
What is the units digit of 656/820 + (-932)/(-10)?
4
Let n(r) = r**3 - 5*r - 7. Let t(d) = -d**3 - 11*d**2 + 14*d + 27. Let v be t(-12). Let m be n(v). Suppose m*y - 236 = 824. What is the units digit of y?
2
Let h(i) = 2*i + 34. Let s be h(-19). Let g be (2/s)/(3/(-306)). Let r = 74 - g. What is the tens digit of r?
2
Let y(o) = 819*o - 2398. What is the hundreds digit of y(33)?
6
Let r = 105044 + -59389. What is the units digit of r?
5
Suppose 4*b + 6*c + 288 = 3*c, -3*c - 360 = 5*b. Let v = b - -254. Suppose -2*r - 6 = -v. What is the units digit of r?
8
What is the hundreds digit of (8/12 + (-49)/(-21))/((-3)/(-8487))?
4
Let q = 10675 - 3825. What is the thousands digit of q?
6
Let l = -808 + 1346. Suppose 1378 = 8*b + l. What is the units digit of b?
5
Suppose 3*s - 3 = 0, -27*s = -y - 26*s + 12759. What is the hundreds digit of y?
7
Let h(a) = a**2 - 2*a + 3. Suppose 0 = 5*q + 4*z - 43, 3*q + 3*z - 24 = -0*q. Let i be h(q). Let o = 208 - i. What is the units digit of o?
6
Let w(j) = -5*j**3 + 13*j**2 + 17*j - 31. What is the tens digit of w(-8)?
2
Let y be -6 + 12 + (-2 - 0). Suppose -4*h = y*z - 178 - 1378, 2*z - 6 = 0. What is the hundreds digit of h?
3
Let c = -7228 + 10664. What is the thousands digit of c?
3
Let n = 81 + -82. Let r(w) = -3*w**3 - 2*w**2 - w. Let g be r(n). Suppose -2*v + 78 = 5*y, -v - g*y + 216 = 4*v. What is the units digit of v?
4
Suppose 7*n + 12 = 11*n. Let w(b) = b - 40*b**3 + 10*b**2 + 39*b**n - 2*b. What is the tens digit of w(9)?
7
Let q(g) = -g**3 - 5*g**2 - 4*g + 3. Let n(y) = y - 1. Let d(a) = 6*n(a) - q(a). Let i be d(-7). What is the tens digit of (0 - 6)/(7/(i + 2))?
5
Let l(p) be the first derivative of 10*p**2 - 3 + 26*p - 1/3*p**3. What is the units digit of l(19)?
5
Let s be 2/3 + (-52)/6. Let x(f) = -2331069*f + 10*f**2 - 11 - 7 + 4*f**3 - 3*f**3 + 2331071*f. What is the units digit of x(s)?
4
Let h be (-14)/(-70) - (-116)/20. Suppose -h*y = y - 4004. What is the hundreds digit of y?
5
What is the hundreds digit of 112/(-6)*50754/(-44)?
5
Let m(s) = -7*s + 15. Let u be m(3). Let o = 75 - u. What is the tens digit of o?
8
Suppose 27 - 59 = -4*f. Suppose -f*x + 5*x = -60. What is the units digit of x?
0
Suppose 0 = -4*k + 3*u + 166542, 2*k - u = -7903 + 91173. What is the units digit of k?
4
Let w(m) be the second derivative of -m**4/12 - m**3/3 + 2*m**2 + 3*m. Let c be w(0). Suppose -c*p + 174 = -42. What is the tens digit of p?
5
Let u = 7371 - 2927. What is the units digit of u?
4
Let d = 25590 - 6721. What is the tens digit of d?
6
Suppose -10*d + 18*d - 1920 = 0. Suppose -32*k = -12*k - d. What is the units digit of k?
2
Suppose 5*o + 20 = 5*r, 4*o = -2*r - 3*r - 7. What is the thousands digit of 10 - 9 - (r - 0)*-1153?
1
Let k = 9892 + -919. What is the thousands digit of k?
8
Let t = -171 - -164. What is the tens digit of 98 + (-7)/(t/(-4))?
9
Suppose 5*n - 156 = 18*n. Let z(o) = 5*o**2 - 5*o + 97. What is the units digit of z(n)?
7
Let c(g) = -189*g + 255. Suppose 2*h - h + 4*x + 6 = 0, 5*h - 3*x = -30. What is the thousands digit of c(h)?
1
Let i(u) = 697*u - 6627. What is the hundreds digit of i(15)?
8
Suppose 20*i - 3 = 19*i. Suppose 2*r - 589 = -i*u, 2*u + 2*u - 1180 = -4*r. What is the tens digit of r?
9
Suppose 3*d = -4*a + 6078, -14*d + 17*d - 4*a - 6102 = 0. What is the hundreds digit of d?
0
Let a(q) = -15*q + 5. Let k(v) = -31*v + 9. Let y(o) = 5*a(o) - 2*k(o). Let g be -1 - 2 - 5 - (-6 - -2). What is the units digit of y(g)?
9
Suppose -2*x + 4*g = -14, x + 2*x - 3*g - 18 = 0. Suppose x*r - u - 19 = 0, 5*r - 22 = -3*u + u. Let i(o) = 65*o - 32. What is the units digit of i(r)?
8
Suppose 63904 = 2*d - 10*x, -3*x + 63813 = 107*d - 105*d. What is the units digit of d?
7
Let c = -35543 + 52278. What is the hundreds digit of c?
7
Let n = -112 - -131. Suppose 8819 - 991 = n*i. What is the hundreds digit of i?
4
Suppose 0 = -2*n + 4678 + 2394. Suppose 5*g - 1454 - n = 0. What is the units digit of g?
8
Let r be (-1)/(-6)*2*27/3. Suppose 73 - 895 = -r*m. What is the units digit of m?
4
Suppose 5*s - 3*s - 3*v = 3, s - 9 = -v. Suppose k + 7935 = s*k. What is the units digit of 2 + ((-2)/6 - k/(-9))?
8
Let k(p) = -152*p + 15. Let a be k(-4). Suppose 15*v - a - 307 = 0. What is the tens digit of v?
6
What is the units digit of (-10 - 6)/(4/(-882))?
8
What is the units digit of (-11138)/(-1)*((-26)/(-22) - (-184)/(-1012))?
8
Let u = -1104 + 2642. What is the thousands digit of u?
1
Suppose 0 = -5*n, -2*n = 3*c - n + 12. What is the hundreds digit of c*35/(-40)*50?
1
Let d be -7 + ((-6)/(-8) - (-189)/(-28)). Let c(z) = z**3 - 4*z**2 + 2*z - 6. Let q be c(4). What is the hundreds digit of q/13 - 3222/d?
2
Let b = -12665 + 17954. What is the hundreds digit of b?
2
Let h = 21933 - 8058. What is the thousands digit of h?
3
Suppose -46*i + 303*i - 953984 = 0. What is the hundreds digit of i?
7
Let k(u) = -u**2 - 17*u - 34. Let v be k(-15). Let j be 3/(-12) + (-1)/v. What is the tens digit of 34 - j/((-3)/(6/4))?
3
What is the thousands digit of 20/15*(1 - -24986)?
3
Suppose -310*r - 250 = -312*r. Let d be (2 - 0)*-1 + -48. Let q = d + r. What is the tens digit of q?
7
Let r(o) = 27*o**2 - 57*o + 495. What is the hundreds digit of r(14)?
9
Let c be 0 + 17/(102/(-36)). What is the hundreds digit of (-2)/(24/(-6399)) + c/24?
5
What is the hundreds digit of 2100/(-10)*(-21210)/63?
7
What is the tens digit of 34944/(-560)*190/(-4)?
6
Let s(x) = -13*x**2 + 21*x - 1. Let v(u) = -2*u**2 + u + 1. Let h(o) = -s(o) + 6*v(o). Let c(k) = 4*k - 9. Let z be c(7). What is the tens digit of h(z)?
8
Let y(o) = -8*o**3 - 9*o**2 + 35*o + 634. What is the thousands digit of y(-14)?
0
Suppose p + 6*f - f - 24 = 0, 2*f + 8 = 4*p. Suppose 2*q = -2*a + 446, 3*q - 3 = p*q. What is the hundreds digit of a?
2
Let r(z) = 139*z - 1. Let k be r(-2). Let a = 7529 - 7066. Let b = k + a. What is the hundreds digit of b?
1
Let u(g) = 108*g**3 - g**2 - g + 2. Let b(o) = -o**2 - 17*o - 22. Let t be b(-15). Suppose n - 9 = -t*n. What is the units digit of u(n)?
8
Let x(d) = -d**2 + 11*d - 12. Let z(p) = 2*p**2 - 21*p + 23. Let u(g) = -5*x(g) - 2*z(g). Let a be u(-12). Suppose -a = -2*t + 2. What is the units digit of t?
8
Let w be (-568)/(-24) + 25/(-15). What is the units digit of 5320/w + ((-14)/77)/(-1)?
2
Let m be (33/1)/(8 + -3 - 6). What is the tens digit of 34530/66 + 3/(m/2)?
2
Suppose 3*j - 4573 = -3*a + 2324, -3*j - 5*a = -6909. What is the te